{"id":5954,"date":"2022-05-10T09:23:58","date_gmt":"2022-05-10T09:23:58","guid":{"rendered":"https:\/\/saboresmonasticos.pt\/shop\/?post_type=product&#038;p=5954"},"modified":"2026-02-19T15:22:46","modified_gmt":"2026-02-19T15:22:46","slug":"flor-do-outeiro-escolha","status":"publish","type":"product","link":"https:\/\/saboresmonasticos.pt\/shop\/produto\/flor-do-outeiro-escolha\/","title":{"rendered":"Flor do Outeiro, escolha, branco"},"content":{"rendered":"<p>A Quinta do Outeiro (S. Gon\u00e7alo) e a Quinta do Monte (Mancelos), localizam-se em plena regi\u00e3o dos vinhos verdes, na sub-regi\u00e3o de Amarante. Ocupam um espa\u00e7o total de 12 hectares onde predominam as castas Azal, Pedern\u00e3, Loureiro, Alvarinho e Vinh\u00e3o.<\/p>\n<p><strong>CASTAS &#8211; <\/strong>Azal, Loureiro, Arinto<\/p>\n<p><strong>NOTAS DE PROVA &#8211; <\/strong>Cor c\u00edtrica. Aroma jovem e fresco. Frescura com sabor frutado e jovem<\/p>\n<p><strong>SUGEST\u00d5ES \u2013\u00a0 <\/strong>Bom com frutos do mar, peixe fresco grelhado, carnes brancas e como aperitivo. Servir a uma temperatura de 10-11<\/p>\n<p><strong>\u00c1LCOOL \u2013<\/strong> 13% vol.<\/p>\n<p><strong>CAPACIDADE \u2013<\/strong>\u00a0750ML<\/p>\n<p><strong>EN\u00d3LOGO &#8211;\u00a0<\/strong><\/p>\n","protected":false},"excerpt":{"rendered":"<p>Excelente verde!<\/p>\n","protected":false},"featured_media":5941,"comment_status":"open","ping_status":"closed","template":"","meta":{"om_disable_all_campaigns":false,"_monsterinsights_skip_tracking":false,"_monsterinsights_sitenote_active":false,"_monsterinsights_sitenote_note":"","_monsterinsights_sitenote_category":0,"_uf_show_specific_survey":0,"_uf_disable_surveys":false},"product_brand":[],"product_cat":[70,86,122],"product_tag":[282],"class_list":{"0":"post-5954","1":"product","2":"type-product","3":"status-publish","4":"has-post-thumbnail","6":"product_cat-garrafeira","7":"product_cat-regioes-vinicolas","8":"product_cat-vinho-verde","9":"product_tag-ano-2018","11":"first","12":"instock","13":"taxable","14":"shipping-taxable","15":"purchasable","16":"product-type-simple"},"aioseo_notices":[],"_links":{"self":[{"href":"https:\/\/saboresmonasticos.pt\/shop\/wp-json\/wp\/v2\/product\/5954","targetHints":{"allow":["GET"]}}],"collection":[{"href":"https:\/\/saboresmonasticos.pt\/shop\/wp-json\/wp\/v2\/product"}],"about":[{"href":"https:\/\/saboresmonasticos.pt\/shop\/wp-json\/wp\/v2\/types\/product"}],"replies":[{"embeddable":true,"href":"https:\/\/saboresmonasticos.pt\/shop\/wp-json\/wp\/v2\/comments?post=5954"}],"wp:featuredmedia":[{"embeddable":true,"href":"https:\/\/saboresmonasticos.pt\/shop\/wp-json\/wp\/v2\/media\/5941"}],"wp:attachment":[{"href":"https:\/\/saboresmonasticos.pt\/shop\/wp-json\/wp\/v2\/media?parent=5954"}],"wp:term":[{"taxonomy":"product_brand","embeddable":true,"href":"https:\/\/saboresmonasticos.pt\/shop\/wp-json\/wp\/v2\/product_brand?post=5954"},{"taxonomy":"product_cat","embeddable":true,"href":"https:\/\/saboresmonasticos.pt\/shop\/wp-json\/wp\/v2\/product_cat?post=5954"},{"taxonomy":"product_tag","embeddable":true,"href":"https:\/\/saboresmonasticos.pt\/shop\/wp-json\/wp\/v2\/product_tag?post=5954"}],"curies":[{"name":"wp","href":"https:\/\/api.w.org\/{rel}","templated":true}]}}